Evaluate -24 + 21 + (1 - 1) + 4 + -15.
-14
What is -1 + 10 - 0 - (677 - 663)?
-5
Evaluate -39 - (-28 - -39 - 14).
-36
Evaluate (-6 + 1 - (-18 - 1 - 0)) + 1.
15
Calculate 11 + 5 + -11 - -3 - (-7 + 2).
13
Calculate 4 - 1 - (-13 + -15 - -19).
12
Calculate -13 - (6 + -1 + -34).
16
Evaluate -12 - (-1 + 11 - (125 - 114)).
-11
What is the value of 0 + -12 - (89 + -108)?
7
What is -18 + 19 - (-14 + 0)?
15
What is the value of -11 + 18 + -7 + -3?
-3
What is (10 - (11 + -11 + 6)) + (3 - 2)?
5
0 - (-42 + -1) - (10 + 22 + -24)
35
What is the value of 16 + -21 + 1 + 0 + 10 + -21?
-15
Calculate 6 - (2 + -5 + 2 - -13).
-6
-2073 + 2112 + 1 + (1 - 17)
24
2 + 26 + 9 + -23
14
Evaluate 30 - (32 + -13 + -4).
15
Calculate -7 + 1 + -70 + 60 - -23.
7
-31 + 0 + -2 - (-887 + 885)
-31
Calculate -12 - (-16 - -18 - 7).
-7
What is the value of 31 - (74 + -45 + 15)?
-13
What is 8 + -32 + (-2 - 9 - -21)?
-14
Calculate 16 + -27 - 4 - -4.
-11
Calculate 13 + (-12 - 7) + -1 + -3 + 0.
-10
Evaluate -21 + (-22 - -16 - -40).
13
Evaluate (-7 - 0) + (-7 - -16) + -1 + 12.
13
Calculate (-9 + 44 - -5) + -31.
9
What is (-4 - (-1 - -6)) + 5 + 4 + -21?
-21
What is 34 + 2 + -11 + -3 + (-3 - 5)?
14
What is the value of ((-7 - 27) + (1 - 1) - -4) + 8?
-22
-15 + 6 - -7 - (1 - 7)
4
What is -10 + 7 + 1 - (-1 + -5)?
4
What is -8 + 2 + (-5 - -1) + 28?
18
Calculate (-11 - 15) + 7 + 9.
-10
What is -15 + 13 + -17 + (6 - 2)?
-15
What is -8 - (42 - -9 - 34)?
-25
What is -3 + 4 + -17 - (54 + -25 + -37)?
-8
-12 + 7 - (4 - (16 - 26))
-19
Evaluate (7 + -5 + -3 - -4) + -5.
-2
What is the value of -8 - (-17 - -3 - -17) - -8?
-3
Evaluate 243 + -237 - (-5 - (1 + -1)) - -8.
19
Calculate (8 - -2) + -7 + -8 + (0 - 1).
-6
-37 + 1 + -25 + 44 + 14
-3
(-20 - (-12 - -10)) + 21
3
What is 26 + (6 - 5 - 1) + 1 - 4?
23
Calculate 10 - (9 - -8) - 3 - (3 - -3).
-16
Calculate (-16 - -16) + (-5 - ((-4 - -8) + -3)).
-6
(-3 - 5) + (3 - -6 - 9)
-8
Calculate -11 - (4 + (7 + 0 - 6) + -4).
-12
6 + -4 + -10 - -3
-5
What is -2 + 7 - (5 + 1 + (7 - 5))?
-3
What is the value of -6 + (-4 - ((5 - (26 - 1)) + 9))?
1
What is -7 - (-1 + 9) - -4?
-11
What is -4 - (6 + -17) - 19?
-12
-5 + 15 + -1 + -35 + 29 + -6
-3
What is (1 - (-15 + 8 + 6)) + -33 - -9?
-22
What is 4 - 28 - -47 - (2 + 1 + 1)?
19
What is 14 + (-7 - 27) + (-3 - 6)?
-29
What is the value of -2 - (9 - 0) - -13?
2
What is the value of 4 - ((0 - -11) + 22 + -9 + -14)?
-6
Evaluate 10 + (0 - -14) + -8.
16
Calculate (-25 - (-14 + 11)) + 23.
1
Evaluate -3 - (-15 + -7 + -1).
20
Evaluate -13 - (-4 + 6 + -12 - -2).
-5
What is the value of 14 - (11 + -17 - -3)?
17
Evaluate 9 + (-15 - (-6 - 0)) - (-9 - 0).
9
What is (-5 - -1) + (95 + -59 - 45)?
-13
What is (17 + -11 - 16) + -18 - -14?
-14
What is the value of -3 + 2 - 1 - (-7 - (13 - 27))?
-9
Calculate 0 + 10 + (0 - (-26 - -49)).
-13
What is -2 + -1 + 13 - 0?
10
Calculate 12 - (10 + -25 + 4 + 9).
14
What is 6 - 5 - (-4 + 2 - (5 - 2))?
6
Calculate (59 - 75) + (1 + 3 - 4).
-16
What is (-8 - -10) + (-14 - -1) - -31?
20
Evaluate -9 - (2 + 2 + 0 + -7).
-6
Evaluate -9 + (23 - (3 + 4 + -19 + 21)).
5
(3 - 10 - (-7 - -6)) + 20
14
What is (-6 - 3) + -2 + 1?
-10
Calculate -2 - (-80 + 69 - (1 + -2 + 0)).
8
What is 26 + (-6 - -2 - 10)?
12
Evaluate 11 - ((-3 + 1 - -14) + 0).
-1
Evaluate (18 - 12 - -10) + -28.
-12
What is the value of -2 + -1 + 1 - (-16 - (-27 + 19))?
6
(10 - (-16 - 2)) + -15
13
Calculate 0 + -9 - (-7 - 18 - -28).
-12
(-26 - -34) + (-39 - -10)
-21
3 - (-10 + (-10 - -31)) - 7
-15
What is the value of (-2 - -2) + -11 + (74 - 87)?
-24
What is the value of ((-2 - 0) + 14 - -3) + -4?
11
Evaluate 33 + -37 - (-61 - 0) - 8 - 11.
38
Evaluate (6 - ((1 - -1) + (87 - 84))) + 13.
14
What is -9 + -8 - -14 - (-16 - 1)?
14
What is 11 + (11 - 13) + (-26 - 0)?
-17
Calculate -17 - 3 - (-29 - -5).
4
What is the value of -9 + -9 + 20 - (-34 + 47)?
-11
What is -1 - (2 + -10) - (-14 + 9)?
12
Calculate (-43 - (-83 - -11)) + -65.
-36
Calculate 2 + -5 + -4 + (6 - 1 - 11).
-13
Calculate -18 + -1 + 8 - -12 - (7 - -1).
-7
Calculate (11 - 4) + (-35 - -43) - 26.
-11
What is (-7 - -11) + (3 - (-6 + 11))?
2
What is the value of -4 + (-8 - (-3 + -2) - 3) - 19?
-29
Evaluate -39 + 20 + 19 + (-2 - 4).
-6
What is the value of (-1 - (0 + -6 - -5)) + -7 + 1?
-6
Calculate -5 + (-4 - -6) + -18 - (-1 + -7).
-13
Evaluate 16 + 2 + (-36 - -17) - (-2 + -14).
15
What is (-14 - -7 - (0 + 3 + -3)) + 19?
12
What is the value of 18 + (1 - 12) + 1 + 3?
11
What is the value of -17 - (-25 - -14) - -11?
5
Evaluate 29 - (7 - -10) - (9 - 1).
4
0 + -6 + -4 + -5
-15
3 + 3 + 9 + -9 + 5
11
Calculate -28 - (-14 + 9 + 2 + (4 - 13)).
-16
Evaluate (-2 - 8) + 1 + 2 - 25.
-32
Calculate -3 + -1 + (5 - -10) + -12.
-1
What is the value of -23 - (-5 + 4) - -4?
-18
What is -11 + 12 - -13 - (2 - 6)?
18
Evaluate (0 - -7) + (18 + -2 + -4 - 13).
6
Calculate 6 + -7 + -13 + (24 - 5).
5
4 + 4 + 13 + -16
5
Calculate (7 - 2 - 3 - -12) + -7.
7
What is 7 + 51 + -48 + -4 + 0 + -6?
0
-34 - 10 - (-1 - 43)
0
(4 - 6) + 2 + -4 + 26 - 2
20
What is 10 + (10 - 7) - (-1 - 0)?
14
(-6 - -23) + -47 - -13
-17
Evaluate -30 + 7 + 0 + 13.
-10
-15 + (1 - ((-9 - -3) + -1))
-7
What is (-4 - 0 - -5) + -114 + 125?
12
Calculate -2 + 5 + (-1 - (-4 - 1)).
7
What is 2 + 2 - (62 + -32) - -12?
-14
12 + 0 + (-6 - (16 - 11))
1
(1 - -1) + (27 - (-4 - -25))
8
-8 + 28 + -12 + 10 + -11
7
Evaluate -3 + -5 + (6 - 12 - -21) + -6.
1
What is the value of 1 + (-1 - 1) + (84 - 59 - 41)?
-17
Calculate 20 + (-14 - 14) - -24.
16
What is the value of -10 - (29 + -17 - (8 + 0))?
-14
Evaluate 16 + (7 - -1 - (-93 + 102)).
15
What is the value of (-21 - -9) + 3 - (-1 + (-2 - -9))?
-15
What is the value of 32 + 17 + -17 + -37?
-5
-4 - 2 - (-13 - 4 - -24)
-13
Evaluate 30 + -36 + 18 + -10.
2
-13 + 11 + (12 - 16) + 8
2
What is the value of 2 + (-4 + -3 - -2) + (-1105 - -1100)?
-8
Calculate -2 - (-44 + 18 - -32).
-8
Calculate (-6 - 20) + (77 - 29).
22
Calculate 1 + (-5 - 3) + (9 + 6 - 1).
7
Evaluate 10 + (6 - (0 + -1 + -4)) + -4.
17
Calculate -7 + 14 + -9 + 7.
5
What is the value of 49 - (5 - -17) - 11?
16
What is 9 + (-47 - -30) + 3?
-5
What is the value of -4 + 3 + (-1 - (-6 - (20 - 13)))?
11
6 + (-6 + -3 + 5 - -11) + -9
4
(-5 - -12) + (0 - -2 - 11)
-2
Evaluate (-3 - (-1 + 7)) + -15 + (7 - 17).
-34
What is (-10 - -13) + 4 + (-8 - 0) - 5?
-6
What is the value of 7 + (20 - 8) + -17?
2
16 + (23 - 30) + -16
-7
(1 - 18) + -11 + 14 + 8
-6
Calculate 0 - ((-18 - -35) + -19).
2
What is the value of 25 + -15 + -31 + 5?
-16
What is the value of (-532 - -524) + -5 + 2?
-11
Evaluate (11 - 2 - -1) + -1 + -9.
0
3 - (-14 - (-23 + -1))
-7
What is the value of (10 - 8) + 3 + -3 - 1?
1
What is the value of -1 + -39 + (86 - -4) + -79?
-29
What is the value of -2 - (-3 + 2) - (6 - 8)?
1
What is the value of -2 + (14 - 18) - (9 + -1)?
-14
What is 15 + (11 + -15 - 10)?
1
Evaluate 2 + -1 + -1 + 6 + -17 + -1.
-12
What is the value of (6 - 11 - -1) + -9 - -3?
-10
What is the value of -15 - (14 - (49 + -23))?
-3
What is -1 + (-9 + 8 - 15 - -7)?
-10
What is the value of (-18 - -8) + 6 - (6 + -6 + -6)?
2
Calculate -4 + 3 + (-9 - (6 - 5) - -4).
-7
What is the value of -10 + 39 + -8 + 1?
22
8 + -14 + (20 - 14)
0
What is 57 - 4 - (21 + -8 + 6)?
34
What is the value of 286 + -288 + (9 - -1)?
8
Calculate -27 + ((1 - 4) + 3 - 2).
-29
What is the value of -1 - (-6 + 8 - 16) - 8 - -13?
18
32 + -24 + 6 + -2
12
Calculate 53 + (-46 - -28) + -33.
2
(10 - (-8 - -26)) + -4 + (0 - -7)
-5
Calculate 2 + 2 + 17 + (-7 - 1).
13
What is -7 + -13 + 0 + 27 + (10 - 3)?
14
What is the value of -2 + (6 - (-2 + 7 + -2))?
1
2 + 4 + -9 + (-26 - -17) - 5
-17
What is (1 - 7) + 8 + 11?
13
Calculate 7 - (-6 - (16 - (8 - -5))).
16
What is -27 + (13 - 9 - 0) + 3 + 4?
-16
What is -1 - 29 - (1548 + -1564)?
-14
5 - (-25 - -40 - 23 - (23 + 0))
36
What is the value of -4 + -34 + 106 + -40?
28
What is the value of 1 + -18 + (-15 - (-24 + 10))?
-18
What is the value of -3 - 0 - (15 - 8)?
-10
-10 + -4 - (16 + -39) - 11
-2
0 + -7 - (146 - 143 - (-1 - -16))
5
What is (6 - -10) + -3 - (-2 - -8 - 6)?
13
What is 10 + 2 + (4 - (4 - -3))?
9
-8 + (68 - 58 - (9 + -4 + -3))
0
What is (-22 - (-13 - 2) - -16) + 9 + 0?
18
-7 + (10 - 36 - -46)
13
Evaluate -22 - 0 - (-116 + 106 + 4 + -1).
-15
What is -5 + (-12 - (-5 - 24))?
12
260 - 276 - (1 - 28)
11
(10